403
What is -1212064 (base 7) in base 4?
-211230130
-5144a96 (base 11) to base 6
-522411455
-12241224 (base 6) to base 2
-1100000010000110000
What is 2546966 (base 13) in base 9?
23808768
Convert 16740355 (base 8) to base 14.
73d193
What is -39aa4 (base 11) in base 16?
-df8a
6c848 (base 13) to base 11
126689
-358596 (base 11) to base 14
-10ac72
What is 50258 (base 13) in base 10?
143216
Convert 101101001011011110110100 (base 2) to base 10.
11843508
-161144 (base 10) to base 9
-265038
Convert -130341334 (base 5) to base 12.
-268832
What is 45a824 (base 13) in base 4?
12103022001
-3623502 (base 7) to base 6
-13505003
What is -1001001100110010 (base 2) in base 3?
-1220200122
Convert 1c0ad (base 15) to base 12.
449b4
What is -11111000111100101 (base 2) in base 14?
-34645
What is 34341441 (base 6) in base 9?
1877567
-1000010100111010010101 (base 2) to base 6
-114441325
10000110001010011000 (base 2) to base 4
2012022120
Convert -169163 (base 16) to base 12.
-5b3aab
-2721bb (base 12) to base 7
-5332004
What is -2581380 (base 9) in base 3?
-2122201102200
-100001010001011000111 (base 2) to base 15
-168082
Convert -20033343 (base 5) to base 12.
-77946
-2d9d6 (base 14) to base 13
-40134
Convert 4074666 (base 9) to base 13.
5b2096
1792b3 (base 13) to base 2
10010000011001110101
What is -10101110111000101110 (base 2) in base 16?
-aee2e
14085 (base 13) to base 3
1220101100
What is 482213 (base 10) in base 4?
1311232211
Convert 1693752 (base 10) to base 2.
110011101100000111000
122132232 (base 4) to base 8
323656
Convert -27746105 (base 8) to base 11.
-35a8a07
45131364 (base 7) to base 8
16716623
What is -158c75 (base 16) in base 8?
-5306165
What is 26a0373 (base 11) in base 3?
22202120012212
-7ab12 (base 15) to base 10
-390617
-3437543 (base 10) to base 15
-47d7e8
Convert -781254 (base 9) to base 12.
-1a6157
Convert -230b30 (base 12) to base 14.
-1088a8
-327427 (base 8) to base 16
-1af17
Convert -13223410 (base 7) to base 8.
-4507212
What is 176046 (base 9) in base 2?
11010101101010000
-100101100101000110001 (base 2) to base 16
-12ca31
1b69aa2 (base 12) to base 6
325411122
Convert -3010121 (base 4) to base 13.
-594b
What is 120243241 (base 6) in base 2?
1000100111111111101001
Convert 85775 (base 12) to base 7.
1331012
1777b9 (base 13) to base 4
2033202132
What is -1441912 (base 10) in base 6?
-50523304
Convert 32003 (base 10) to base 5.
2011003
21222201110221 (base 3) to base 8
20145035
What is -10053005 (base 7) in base 2?
-11001100001111100110
-1840c4 (base 13) to base 5
-123434404
12c5a8 (base 14) to base 3
1012221212101
Convert 381020 (base 11) to base 8.
2227042
-1aa845b (base 14) to base 15
-12801a3
Convert 1000201220121010 (base 3) to base 16.
e0ed4f
Convert -1034024412 (base 5) to base 2.
-1000100101110001010001
Convert 20022111212 (base 3) to base 10.
124304
Convert -b38bc (base 15) to base 2.
-10001010111010010001
Convert -6057560 (base 8) to base 16.
-185f70
Convert 7d7d (base 14) to base 8.
52553
Convert -153122252 (base 7) to base 9.
-21264158
What is -7deb (base 16) in base 12?
-167a3
Convert -30624 (base 12) to base 6.
-1204044
What is 1425023 (base 6) in base 8?
237047
What is -224333222 (base 5) in base 12?
-409573
-33312001 (base 4) to base 2
-1111110110000001
-39221 (base 14) to base 13
-4bb74
Convert 1034331 (base 7) to base 12.
61189
-3013231 (base 4) to base 7
-52156
3279 (base 14) to base 9
12871
Convert -104022042 (base 6) to base 10.
-1869290
What is -444420531 (base 6) in base 9?
-16142441
Convert -1000011010001110110000 (base 2) to base 5.
-1031021332
What is -aa03 (base 14) in base 16?
-72db
6ae913 (base 15) to base 12
1866269
Convert 2817641 (base 9) to base 3.
2220121201101
Convert -6444651 (base 8) to base 11.
-a773a6
1915b8 (base 12) to base 11
27a122
Convert -13527 (base 16) to base 7.
-446511
-1247336 (base 10) to base 11
-782162
110100220111 (base 3) to base 6
5114534
What is 30131033 (base 4) in base 3?
2120222202
Convert -110253 (base 11) to base 7.
-1332045
Convert -102230320210 (base 4) to base 9.
-10201781
11122010202201 (base 3) to base 11
1432641
What is -c821 (base 14) in base 10?
-34525
101101011001010101 (base 2) to base 3
100110001201
Convert -1423703 (base 9) to base 14.
-165776
What is -431545 (base 7) in base 6?
-1335244
Convert a0260 (base 16) to base 8.
2401140
What is -231110132303 (base 4) in base 14?
-181381d
Convert -4321620 (base 8) to base 2.
-100011010001110010000
What is -121121021201 (base 3) in base 12?
-139154
-211121112212 (base 3) to base 15
-8bd2b
82099 (base 10) to base 8
240263
What is 221133332302 (base 4) in base 6?
1025101134
-33322202 (base 4) to base 6
-1221442
-43a78b (base 13) to base 11
-999763
29709 (base 14) to base 6
2112233
What is 812a4 (base 13) in base 7?
1651633
What is 602523 (base 7) in base 3?
12011122000
Convert 100625 (base 13) to base 11.
23481a
Convert -12502266 (base 7) to base 16.
-11739c
Convert 200104203 (base 5) to base 4.
2333220200
Convert -400045 (base 11) to base 6.
-21450353
-12101010200002 (base 3) to base 12
-b59232
Convert 200203211 (base 4) to base 10.
133349
Convert 2112330 (base 6) to base 9.
166180
-a631 (base 13) to base 5
-1214044
What is -3021220012 (base 4) in base 9?
-1487774
-100111021010110 (base 3) to base 15
-6997e9
What is 663858 (base 9) in base 12?
171598
-1578a3 (base 12) to base 3
-200120220020
Convert -4338644 (base 9) to base 4.
-20320211320
Convert 20410444 (base 5) to base 4.
221120123
-594004 (base 11) to base 2
-11100110000100010000
Convert 3430040 (base 8) to base 4.
3203000200
Convert -302102121 (base 4) to base 6.
-4225333
Convert 10100011000100000000011 (base 2) to base 12.
1958197
203056 (base 10) to base 9
338477
166562 (base 7) to base 14
c332
What is -1471506 (base 8) in base 11?
-269667
What is -676153 (base 8) in base 11?
-146710
What is -76350311 (base 8) in base 6?
-1342523521
What is 181171 (base 10) in base 8?
541663
What is -1590303 (base 13) in base 5?
-3234101313
What is -1360081 (base 9) in base 11?
-471005
Convert 22366147 (base 8) to base 16.
49ec67
What is 705453 (base 8) in base 12?
b248b
What is 334579 (base 12) in base 5?
202111204
131884 (base 9) to base 12
3a4a1
-35192 (base 12) to base 7
-414203
12375a (base 13) to base 16
6a828
Convert -17b0b71 (base 14) to base 2.
-101100101101000111011111
Convert 13040013 (base 6) to base 12.
186009
-3809864 (base 10) to base 15
-503cae
What is 275257 (base 13) in base 5?
221011113
Convert 526634 (base 7) to base 13.
32696
150043053 (base 6) to base 9
5722036
-30053 (base 10) to base 12
-15485
-64433 (base 13) to base 4
-230022020
Convert 1232172 (base 10) to base 6.
42224300
Convert 445942 (base 12) to base 4.
10021230002
What is -20313404 (base 5) in base 11?
-1042a2
Convert -19d277 (base 15) to base 2.
-100110011011110101101
What is -1000000000010000001 (base 2) in base 7?
-2141434
-103210202020 (base 4) to base 9
-10578487
23541434 (base 8) to base 9
10636534
Convert 11000110010111100010 (base 2) to base 10.
812514
What is -145a82 (base 15) in base 7?
-11224262
What is 1322746 (base 8) in base 4?
1122113212
Convert -1221222212011 (base 3) to base 2.
-11111110101010010111
Convert -25558 (base 11) to base 6.
-441245
1126245 (base 8) to base 15
60b7b
301343 (base 6) to base 13
aa16
What is -1110111010000011100111 (base 2) in base 6?
-215431423
Convert -1186032 (base 9) to base 13.
-198887
Convert 505524 (base 6) to base 16.
9cdc
Convert -333733 (base 9) to base 15.
-3e229
-103200213023 (base 4) to base 5
-2302124230
11203201212 (base 4) to base 12
5a2886
Convert 4614060 (base 7) to base 15.
b56a3
803041 (base 11) to base 14
259018
Convert -2102110200 (base 3) to base 11.
-32949
Convert 276651 (base 10) to base 2.
1000011100010101011
Convert 2323020012 (base 4) to base 15.
102180
What is -1011431130 (base 5) in base 7?
-23343646
3612236 (base 8) to base 7
11254252
-2022 (base 8) to base 13
-622
Convert -293820 (base 10) to base 8.
-1075674
What is 1616602 (base 7) in base 4?
312200032
-51872 (base 11) to base 6
-1341531
Convert -6958 (base 14) to base 15.
-5656
What is -21023020 (base 4) in base 7?
-214360
-101100101111111000 (base 2) to base 14
-4ab20
Convert a1ab (base 15) to base 3.
1201211022
What is -246b31 (base 12) in base 16?
-90ad5
What is -5034c (base 16)